 + j**2 - 1. Give k(2).
-13
Let b(v) = 13*v - 4. Determine b(-6).
-82
Let g(f) = -f + 4. What is g(0)?
4
Let p(l) = -l**3 - 18*l**2 - 18*l - 15. Give p(-17).
2
Let y(z) = 2*z**3 + 3*z**2 + 2*z - 2. What is y(-2)?
-10
Let h(w) = -3*w - 96. Determine h(-31).
-3
Let s(u) = u**3 + 13*u**2 + 3*u + 33. Give s(-13).
-6
Let l(m) = m**3 + m. Determine l(-2).
-10
Let u(r) = -r**3 + 33*r**2 - 92*r + 56. Calculate u(30).
-4
Let r(l) = -l**2 + 18*l + 3. Determine r(19).
-16
Let i(y) = -y**3 - 9*y**2 + 5*y + 39. What is i(-9)?
-6
Let j(k) = 5*k - 179. Calculate j(36).
1
Let j(i) = -79*i**3 + i**2 - 1. Calculate j(1).
-79
Let r(g) = -g**3 + 8*g**2 + 15*g - 12. Calculate r(10).
-62
Let u(q) = -9*q + 43. What is u(5)?
-2
Let p(u) = -16*u**2 + 6*u - 4. Calculate p(1).
-14
Let l(g) = 24*g**2 + 6*g + 6. Determine l(-2).
90
Let a(b) = b**2 + 20*b - 38. What is a(-20)?
-38
Let u(j) = -j**2 - 4*j - 3. Calculate u(-1).
0
Let r(a) = -a + 1. Determine r(-8).
9
Let n(z) = z**3 - 44*z**2 + 85*z - 44. Give n(42).
-2
Let h(x) = -x**3 + 10*x**2 + x - 9. Calculate h(10).
1
Let t(g) = -g**3 - 7*g**2 + 3*g - 5. Calculate t(-7).
-26
Let l(h) = -h**2 - 9*h - 3. Determine l(-9).
-3
Let n(y) = y**2 + 24*y + 22. What is n(-23)?
-1
Let q(o) = -o**2 - 4*o + 5. Give q(2).
-7
Let m(s) = -s + 17. Give m(7).
10
Let z(j) = j**3 + 12*j**2 + 5. Give z(-12).
5
Let i(t) = t**3 + 6*t**2 + t - 6. Give i(-6).
-12
Let h(l) = -5*l**2 + 6*l - 3. Determine h(2).
-11
Let q(y) = y**3 + 7*y**2 - 18*y + 6. Determine q(-9).
6
Let y(a) = -a**3 - 23*a**2 - 78*a - 35. Determine y(-19).
3
Let u(r) = 14*r**2 - 4*r - 3. Give u(-1).
15
Let c(m) = 6*m + 2. Calculate c(-2).
-10
Let v(l) = 2*l**3 + 3*l**2 - 2*l - 4. Determine v(2).
20
Let i(h) = h + 9. Calculate i(-23).
-14
Let a(f) = f**2 - 16*f + 13. Calculate a(6).
-47
Let g(w) = 52*w + 114. Calculate g(-3).
-42
Let m(g) = -34*g + 474. Determine m(14).
-2
Let a(m) = 2*m + 30. Calculate a(-13).
4
Let p(h) = 2*h**3 - 31*h**2 + 17*h - 37. Calculate p(15).
-7
Let a(n) = n**3 + n**2 + n + 3. Determine a(-4).
-49
Let d(x) = -2*x**3 + 20*x**2 + x - 16. Calculate d(10).
-6
Let s(r) = -r**2 - 8*r + 118. Calculate s(-15).
13
Let j(u) = -u**2 - u - 21. Give j(0).
-21
Let a(k) = -7*k + 13. Determine a(7).
-36
Let u(h) = h**2 + 14*h - 4. Give u(-15).
11
Let j(v) = -3*v + 21. What is j(10)?
-9
Let d(y) = y**3 + 8*y**2 + 8. What is d(-8)?
8
Let g(b) = b**3 - 29*b**2 + 54*b + 6. Determine g(27).
6
Let c(v) = 4*v - 5. What is c(7)?
23
Let s(o) = o**2 + 6*o + 1. Determine s(-4).
-7
Let y(q) = -q**3 - q + 19. What is y(0)?
19
Let f(q) = -q**2 - 5. Calculate f(6).
-41
Let g(o) = o**3 - o**2 - 4*o - 4. Determine g(4).
28
Let w(i) = -20*i - 193. Calculate w(-10).
7
Let t(a) = a**2 + a - 36. Determine t(-5).
-16
Let v(i) = -i**2 - 19*i - 60. Calculate v(-20).
-80
Let n(j) = -j**3 + 4*j**2 - j + 8. Give n(5).
-22
Let k(p) = -p**2 - 3*p - 14. What is k(-6)?
-32
Let f(k) = -3*k**2 - 13*k + 4. What is f(-7)?
-52
Let r(m) = -2*m - 11. Give r(-1).
-9
Let y(n) = -n**3 + 4*n**2 + 3*n - 10. What is y(3)?
8
Let n(p) = -p - 1. Calculate n(-1).
0
Let g(p) = 3*p + 11. Calculate g(-6).
-7
Let b(j) = -j**3 - 14*j**2 + j + 1. Give b(-14).
-13
Let b(c) = -4*c + 35. Calculate b(9).
-1
Let a(n) = -13*n - 23. Determine a(-10).
107
Let l(n) = -2*n**2 - 55*n - 38. Give l(-27).
-11
Let c(i) = i**3 - 18*i**2 - 15*i + 8. Give c(19).
84
Let q(k) = k**3 + 5*k**2 + 4*k - 8. What is q(-6)?
-68
Let m(u) = -u**3 + 7*u**2 + 2*u - 14. Determine m(6).
34
Let y(l) = l**3 + 17*l**2 + 18*l + 33. Calculate y(-16).
1
Let y(o) = 5*o - 11. Determine y(7).
24
Let p(c) = c**3 + 15*c**2 - 16*c + 14. What is p(-16)?
14
Let f(j) = j + 22. Determine f(-16).
6
Let w(a) = -a**3 - 6*a**2 + 3*a + 3. Determine w(-7).
31
Let m(i) = i + 3. Determine m(-8).
-5
Let b(t) = t**2 - 18*t + 75. Determine b(10).
-5
Let a(u) = -5*u + 110. Determine a(18).
20
Let n(j) = j**2 + 5*j - 10. Give n(-8).
14
Let g(y) = -y**2 + 21*y - 108. What is g(9)?
0
Let h(v) = 2*v - 5. What is h(8)?
11
Let k(t) = t + 4. What is k(1)?
5
Let t(h) = -h**2 + 3*h - 4. What is t(0)?
-4
Let p(z) = -3*z**2 - 17*z + 23. Give p(-7).
-5
Let h(n) = n**2 - 10*n + 10. What is h(10)?
10
Let v(j) = -j**3 + j**2 + 2*j - 58. Give v(0).
-58
Let j(w) = 3*w + 101. What is j(-26)?
23
Let c(l) = l**2 - 11*l - 14. Give c(13).
12
Let v(q) = -35*q + 360. Calculate v(10).
10
Let l(z) = 222*z - 889. Give l(4).
-1
Let q(y) = -2*y**3 + 22*y**2 - 5. Give q(11).
-5
Let g(j) = j**3 + j**2 + j. Give g(-1).
-1
Let x(m) = -8*m**3 - 3*m + 2. What is x(1)?
-9
Let n(i) = -6*i - 73. Give n(-11).
-7
Let p(w) = -14*w - 414. Determine p(-29).
-8
Let x(t) = 2*t + 40. What is x(-18)?
4
Let r(k) = k**3 + 5*k**2 + 7*k + 10. Calculate r(-6).
-68
Let d(a) = -a**2 + 13*a - 37. Give d(9).
-1
Let f(k) = -14*k**3 + k**2. Calculate f(-1).
15
Let c(s) = -s**3 - 73*s**2 - s - 80. Give c(-73).
-7
Let t(w) = -4*w - 15. What is t(-6)?
9
Let i(g) = -4*g + 3. What is i(1)?
-1
Let c(h) = -3*h - 7. What is c(-3)?
2
Let k(g) = -2*g**3 - 2*g**2 - 1. Determine k(2).
-25
Let p(r) = -r**3 + 3*r**2 + 11*r + 5. What is p(5)?
10
Let v(i) = i**3 + 4*i**2 - 7*i + 1. What is v(2)?
11
Let k(f) = -5*f**2 + 2*f - 3. Determine k(1).
-6
Let y(f) = 27*f - 241. Calculate y(9).
2
Let b(j) = j**3 - 6*j**2 - 7*j + 1. Determine b(7).
1
Let b(x) = 55*x + 424. Determine b(-8).
-16
Let l(h) = h**3 - 7*h**2 - 12*h + 3. Determine l(8).
-29
Let d(p) = -62*p + 310. Give d(5).
0
Let y(u) = 3*u**3 + 2*u**2 + u. Determine y(2).
34
Let z(k) = 13*k - 17. What is z(9)?
100
Let h(g) = 7*g + 3. Determine h(-3).
-18
Let d(c) = -8*c - 49. Calculate d(-6).
-1
Let z(v) = -4*v + 23. Determine z(9).
-13
Let c(s) = s**2 - 2*s + 4. Calculate c(2).
4
Let n(b) = 3*b + 7. Calculate n(7).
28
Let q(j) = -j**2 - 3*j + 5. What is q(4)?
-23
Let g(l) = 19*l**2 - l + 2. What is g(1)?
20
Let l(z) = 2*z + 1. What is l(13)?
27
Let g(t) = -2*t**2 - 25*t + 6. Give g(-13).
-7
Let c(z) = -z**3 - 12*z**2 - 13*z - 3. Give c(-11).
19
Let m(v) = -2*v - 34. Give m(-12).
-10
Let o(y) = 91*y - 1. What is o(-1)?
-92
Let z(u) = -u**3 + u**2 + 6*u - 4. Determine z(3).
-4
Let t(o) = -2*o**3 + 35*o**2 + 16*o + 21. Give t(18).
-15
Let d(n) = n**2 - 7*n + 5. What is d(6)?
-1
Let c(o) = 12*o - 25. Calculate c(6).
47
Let a(q) = -q**3 + 3*q**2 + 2*q - 3. Determine a(3).
3
Let h(c) = c**3 - 6*c**2 - 13*c - 6. Give h(8).
18
Let s(p) = 14*p**2 - 2*p - 1. Calculate s(-1).
15
Let c(t) = t**3 - 11*t**2 + 7*t + 14. What is c(10)?
-16
Let v(z) = 2*z**2 + 15*z + 15. What is v(-7)?
8
Let m(w) = w**3 + 7*w**2 + 5*w - 9. Calculate m(-6).
-3
Let j(k) = 4*k**2 + 10*k - 2. What is j(-3)?
4
Let s(z) = z**2 - 12*z - 41. What is s(17)?
44
Let w(k) = k**2 + 5*k - 1. Calculate w(-4).
-5
Let n(p) = -11*p + 413. What is n(38)?
-5
Let f(o) = -2*o**3 - 2*o**2 - 2*o - 3. Calculate f(-3).
39
Let a(o) = -o - 2. What is a(-1)?
-1
Let z(u) = u**3 + 3*u**2 - u - 9. What is z(-3)?
-6
Let c(v) = -v**3 - 7*v**2 + 2*v + 3. Calculate c(-4).
-53
Let y(k) = -3*k - 68. Give y(-26).
10
Let v(l) = 3*l + 25. Give v(-9).
-2
Let h(p) = p**2 + 12*p - 15. Give h(-12).
-15
Let t(j) = j**3 - 2*j**2 - 3*j - 1. Determine t(3).
-1
Let o(w) = w**3 - 22*w**2 - 46*w - 37. Determine o(24).
11
Let s(j) = j + 14. What is s(-10)?
4
Let k(n) = n**2 - n - 44. What is k(-6)?
-2
Let h(l) = l**2 + 15*l + 55. Give h(-9).
1
Let q(o) = -2*o**2 + 2*o + 31. Calculate q(4).
7
Let u(z) = 2*z**2 - 22*z + 62. What is u(6)?
2
Let d(n) = -2*n - 32. Calculate d(-13).
-6
Let a(y) = -3*y + 29. Calculate a(12).
-7
Let z(j) = j - 5. What is z(3)?
-2
Let p(s) = 2*s**3 - 2*s**2 + 3*s + 3. Determine p(3).
48
Let h(b) = -b**2 + 10*b + 13. What is h(9)?
22
Let s(h) = -h**2 + 6*h + 68. Give s(12).
-4
Let n(f) = f**2 - 11*f - 1. Give n(16).
79
Let a(c) = c**3 + 6*c**2 - 7*c - 6. Calculate a(-6).
36
Let i(n) = n**3 + 7*n**2 - 9*n + 3. What is i(-8)?
11
Let p(c) = -c**2 + 8*c - 10. Give p(7).
-3
Let u(i) = -i**2 + i + 11. Determine u(-5).
-19
Let g(t) = -t + 3. Calculate g(12).
-9
Let g(t) = 3*t**3 + t**2 - 2*t + 3. Calculate g(2).
27
Let d(k) = -3*k + 3. Calculate d(7).
-18
Let a(w) = w**3 - 5*w**2 + 4*w - 22. Determine a(5).
-2
Let c(g) = -g**2 - 5*g + 4. Calculate c(1).
-2
Let c(k) = k**2 + 18*k + 37. What is c(-17)?
20
Let y(l) = -l**3 - 6*l**2 - l - 1. What is y(-6)?
5
Let c(d) =